(n) = 5*n**3 + 8*n**2 - 16*n - 20. What is the thousands digit of z(9)?
4
Let a(o) = 13*o**2 + 193*o**3 - 44 + 45 - 12*o**2 - 2*o. Let z be a(1). Suppose -237 = -10*m + z. What is the tens digit of m?
4
Suppose 3*d - 4*d + 69 = 0. Let i = -27 + d. Suppose i = 3*b - 246. What is the units digit of b?
6
What is the tens digit of 124/186*(-40740)/(-2)?
8
Suppose 34*o - 587653 - 1448147 = -18*o. What is the units digit of o?
0
Let l(w) = 10*w**2 + 9*w + 3. Let n(t) = -8 - 10*t**2 + 5 + 0*t - 8*t + 1. Let z(r) = -4*l(r) - 5*n(r). What is the units digit of z(-3)?
6
Suppose 2 - 8 = -3*i, -5*i + 338 = 4*u. Suppose -8*o + 3*o + 140 = 0. Let f = o + u. What is the tens digit of f?
1
Let s = -28 + 42. Let a = -9 + s. What is the units digit of (-3 - -8 - a) + 1?
1
Suppose 15 = 2*f + 5. Let y(w) = -2*w + 12. Let c be y(f). Suppose -d + c*h + 74 = 0, 3*h + 400 = 5*d + 8*h. What is the tens digit of d?
7
Let l = -2581 - -9352. What is the thousands digit of l?
6
Let o = -38 - -19. Let y(w) = -w**2 - 16*w + 12. Let k be y(o). Let c = k + 68. What is the tens digit of c?
2
Let p(o) = 82*o**3 + 10*o**2 - 12*o + 20. What is the ten thousands digit of p(5)?
1
Suppose 68074 + 7945 = 19*l. What is the hundreds digit of l?
0
Suppose 2*t = -0*t - 4*u + 224, -2*t - 2*u = -222. Let z(r) = -r**2 + 14*r - 6. Let w be z(13). Suppose w*k - t = 2*k - i, 5 = i. What is the units digit of k?
1
Let f = 353 - 356. What is the hundreds digit of (f/(-2))/(3/354)?
1
Suppose 24 = -10*r + 13*r. Suppose -15 = -r*z + 33. What is the units digit of z?
6
Suppose -2 = u - 4. Suppose u*j + 2337 - 878 = -q, 5*j = -q - 1456. What is the units digit of (-18)/(-27) + q/(-9)?
3
Let a(w) = -w + 10. Let y be a(14). What is the hundreds digit of (y - -2) + (-6 + 9)*81?
2
Let y = 32345 + -20588. What is the thousands digit of y?
1
Let h(t) = -t**2 - 2*t + 7. Let l be h(-4). Let m be (l - (3 - 7)) + 25. What is the units digit of 8/(-16)*(0 + -1)*m?
4
Suppose 14*p - 23190 = -1294. Let r = -867 + p. What is the tens digit of r?
9
Let r = -147 - -149. Suppose 16 = -4*k, r*k + 10742 + 2370 = 4*a. Suppose c - a = -13*c. What is the hundreds digit of c?
2
Let u = -312 - -440. Let h = 283 + u. What is the tens digit of h?
1
Let h(i) = i**3 - 26*i**2 - 29*i + 143. What is the hundreds digit of h(30)?
8
Let f(h) = 710*h**2 - 915*h + 16. What is the units digit of f(9)?
1
Suppose 24*p + 8 = 32. Let z(d) = d**3 + 3*d**2 - 5*d - 6. Let r be z(-4). What is the tens digit of p/r + (-664)/(-16)?
4
Let t be 1012/242 + 4/(-22). Suppose 2*q - t*b = 366, 0 = 2*q - 4*b + 2*b - 356. What is the hundreds digit of q?
1
Let p(d) = -10*d - 7. Let m(y) = -9*y - 6. Let l = -20 + 15. Let j(a) = l*p(a) + 6*m(a). What is the tens digit of j(-12)?
4
Suppose q + 2*s - 4 = 0, -2*s + 5 = q - s. Suppose 9 = y + 2*y - 3*t, 3*t = -q. Suppose 3*k = 4*k + y, -m - 5*k = -47. What is the units digit of m?
2
Let k(w) = 9*w**3 + w**2 - 2*w + 1. Let g be k(1). Suppose 0 = -3*r + 9, 2*b - r = 4*b - g. What is the tens digit of (2/b)/(2/222)?
7
Let b = 2003 + 3262. What is the hundreds digit of b?
2
Let s = 19 + -14. Suppose -28*m + 25*m = -15. Suppose -4*d + 12 = s*w - 108, m*w = d + 95. What is the units digit of w?
0
Suppose 0*d - 135 = 5*d. Let q = 59 + d. What is the tens digit of (88/q)/((-2)/(-56))?
7
Let v(t) = -40*t + 50. Let z be v(6). What is the hundreds digit of (1458/(-135))/(194/z + 1)?
5
Suppose s - 336*r - 34904 = -335*r, 0 = s + 3*r - 34892. What is the units digit of s?
1
Let x = 150 + -152. Let r(h) = -8*h**3 - h + 0*h - 4*h**2 + 2 - 2*h. What is the tens digit of r(x)?
5
Let x(o) = 2*o - 15. Let s(h) = -3*h + 30. Let r(w) = -4*s(w) - 7*x(w). Let y(n) = -n**3 + n**2 + 4*n - 3. Let i be y(3). What is the units digit of r(i)?
3
Suppose 3*g - 5*x - 76534 = 0, -102048 = -4*g - 2401*x + 2405*x. What is the ten thousands digit of g?
2
Let u = -252 + 226. What is the units digit of (57 + -53)*u/(-4)?
6
Let h = 2862 - 1278. Suppose 65*t + h = 69*t. What is the tens digit of t?
9
Suppose -10 = 5*n - 0. What is the units digit of (2/3)/(n/(-2316))?
2
Let x = 9199 - 439. What is the tens digit of x?
6
What is the tens digit of (-114059558)/(-2198) - 36/(-14)?
9
Let g be 5/(-25) + (-72)/(-10). Suppose -g*m + 670 + 1451 = 0. What is the hundreds digit of m?
3
Suppose -2645*j + 2656*j - 223476 = 0. What is the tens digit of j?
1
Suppose 0 = h - 3*h + 12. Suppose -38*x - 14*x + 15336 = 20*x. Let a = x - h. What is the units digit of a?
7
Let s be 0/((-4)/(-1) - 2). Let t(u) be the first derivative of -u**4/4 + u**3/3 + 3*u**2/2 + 199*u + 161. What is the hundreds digit of t(s)?
1
Let k(m) = 2*m**2 - 113*m + 2003. What is the ten thousands digit of k(106)?
1
Suppose -113*g + 1540878 + 2108463 = -473125. What is the tens digit of g?
8
Let t = -455 - -447. What is the tens digit of (-37)/(t + (-30)/(-4))?
7
Let t = -14 + 18. Suppose 0 = 3*s - 5*n - 1476, 2*s + 4*n = -101 + 1063. Suppose -s + 103 = -t*d. What is the tens digit of d?
9
Let w(k) = 112*k + 4208. What is the thousands digit of w(0)?
4
Let w(y) = 7*y**2 + 19*y - 55. Let h be 2 - -1 - (7 + 16/(-2)). What is the hundreds digit of w(h)?
1
Suppose 14*u + 1658 = 5102. Suppose -13*x - u = -883. What is the units digit of x?
9
Let s(x) = -15*x**2 + 457*x - 3. Let d be s(30). Let t = -413 - -778. Let m = t - d. What is the hundreds digit of m?
1
Suppose -6*l - l + 5*l = 0. Suppose 4*g - 1511 - 1533 = l. What is the units digit of g?
1
Let r(j) = -8*j - 92. Let t be r(-11). What is the units digit of (-26400)/(-72) - (t/(-3))/2?
6
Let t = -1238 + 2986. What is the units digit of t?
8
Suppose 22*z = 20*z - 2, z = 5*x - 205896. What is the ten thousands digit of x?
4
Let a = -152 - -100. What is the tens digit of (30/(-4))/(367/a - -7)?
3
What is the tens digit of (-5)/(0 - 1/313)?
6
Suppose 0 = l - 5*l - 28. Let u be (-45)/l + (1 - (-10)/(-7)). Suppose 64 = t + u. What is the tens digit of t?
5
Let m = 0 - -4. Let l = 77 + 201. Suppose l = 5*n - n + 2*s, m*n - 313 = 5*s. What is the units digit of n?
2
Suppose 46*k - 40*k = 25*k - 27512. What is the tens digit of k?
4
Let d(i) = -42233*i + 194. What is the hundreds digit of d(-1)?
4
Let v be 292*(5/(30/(-27)))/6. Let x be (-6)/(-4) - v/6. Suppose -36*n = -x*n + 372. What is the hundreds digit of n?
1
Let x(w) = 26*w + 1160. What is the hundreds digit of x(36)?
0
Let f(p) = 1373*p**2 + 120*p + 373. What is the ten thousands digit of f(-3)?
1
Let j be (7/(-14))/(3/(-2802)). Suppose 3*p - j = 2*p. What is the hundreds digit of p?
4
Suppose -21*n - 589 + 12475 = 0. Suppose j - 171 = 3*d + n, -4*d = 5*j - 3590. What is the hundreds digit of j?
7
Let q(p) = -p**2 + 22*p - 35. Let u be q(20). Suppose -u*l + 5 = -5. What is the tens digit of (l/(-6))/(7/(-231))?
1
Suppose 5*f + 422 - 52 = 0. Let q(g) = -13*g - 542. Let s be q(-35). Let b = f - s. What is the tens digit of b?
1
Suppose -12 = i + 3*i. What is the units digit of 2 + 183 - (3 + i)?
5
What is the units digit of (-660)/30 - (-4 - 59711)?
3
Suppose 98*h - 10834 = 12784. What is the hundreds digit of h?
2
Suppose 13*i - 8*i - 75 = 0. Suppose i*u - 10998 = 8997. What is the units digit of u?
3
Suppose -8*m = -19*m + 55. Suppose -q + 0*u + 98 = -2*u, 5*q - 415 = -m*u. What is the tens digit of (q - -1) + 4 + 0?
9
Let s = -15061 + 19765. What is the thousands digit of s?
4
Let a(j) = 7*j - 35. Let l(c) = -22*c + 104. Let i(d) = 7*a(d) + 2*l(d). What is the tens digit of i(11)?
1
Let t(o) = 11*o + 43. Let k be t(-4). Let m be -129 + 1 + (k - (-1 - -2)). Let a = m + 160. What is the units digit of a?
0
Let w(f) = 138*f - 4210. What is the hundreds digit of w(52)?
9
Let o be (-6 - -7 - 46/(-6))*3. Suppose o*m - 27*m = -193. What is the units digit of m?
3
Let t = 129631 + -75091. What is the tens digit of t?
4
Let t(k) = -k**3 + 20*k**2 + 26*k - 103. Let r be t(21). Let j = -48 + 85. What is the units digit of j + -9 - r/(-1)?
0
Let k(b) = b**3 + 6*b**2 - b - 4. Let r be k(-6). Suppose 4*n = a - 397, -r*a - 2*n = -365 - 479. What is the tens digit of a?
1
Suppose 201 = 8*h + 41. Suppose h = 6*q + 14. What is the units digit of q?
1
Suppose 64*s - 18*s - 1056850 = 0. What is the ten thousands digit of s?
2
What is the ten thousands digit of (-170)/(-51) - 2148972/(-63)?
3
Suppose 45*u - 6